of 11580759.
3, 229, 1873
List the prime factors of 29156782.
2, 14578391
What are the prime factors of 88974073?
17, 173, 30253
List the prime factors of 126266575.
5, 127, 39769
What are the prime factors of 257326071?
3, 31, 181, 15287
What are the prime factors of 204539213?
204539213
List the prime factors of 98620004.
2, 7, 239, 14737
List the prime factors of 1850914775.
5, 74036591
What are the prime factors of 87832882?
2, 43916441
What are the prime factors of 3263828052?
2, 3, 271985671
List the prime factors of 470552582.
2, 617, 381323
What are the prime factors of 78407804?
2, 31, 632321
List the prime factors of 21159112.
2, 13, 31, 6563
What are the prime factors of 3283467432?
2, 3, 7, 1291, 15139
What are the prime factors of 2371766530?
2, 5, 7, 881, 38459
What are the prime factors of 329257623?
3, 109752541
List the prime factors of 384885853.
11, 271, 129113
List the prime factors of 48127779.
3, 7, 19, 31, 1297
List the prime factors of 281959900.
2, 5, 2819599
What are the prime factors of 6683642?
2, 7, 599, 797
What are the prime factors of 1496330602?
2, 13, 57551177
What are the prime factors of 6843078?
2, 3, 11, 17, 19, 107
List the prime factors of 210334139.
109, 1929671
What are the prime factors of 40983825?
3, 5, 191, 2861
List the prime factors of 205803667.
1051, 195817
What are the prime factors of 59491358?
2, 103, 107, 2699
List the prime factors of 5400433002.
2, 3, 900072167
What are the prime factors of 318213090?
2, 3, 5, 13, 90659
List the prime factors of 876710537.
876710537
What are the prime factors of 137018679?
3, 7, 41, 233, 683
What are the prime factors of 2289478450?
2, 5, 7, 934481
What are the prime factors of 368368824?
2, 3, 15348701
List the prime factors of 2628952994.
2, 79, 1153, 14431
What are the prime factors of 151898253?
3, 13, 1931, 2017
List the prime factors of 1410463438.
2, 705231719
List the prime factors of 12893831.
12893831
List the prime factors of 314093063.
919, 341777
What are the prime factors of 6185066082?
2, 3, 13, 1697, 46727
List the prime factors of 133609621.
2143, 62347
List the prime factors of 230818212.
2, 3, 1399, 4583
List the prime factors of 44434865.
5, 8886973
What are the prime factors of 1262317690?
2, 5, 126231769
List the prime factors of 213707548.
2, 3511, 15217
List the prime factors of 363015156.
2, 3, 7, 29, 149021
What are the prime factors of 407291965?
5, 2549, 31957
What are the prime factors of 9070467?
3, 7, 19, 127, 179
What are the prime factors of 14504139?
3, 13, 53, 2339
List the prime factors of 2063826115.
5, 13, 61, 227, 2293
List the prime factors of 1854940386.
2, 3, 13, 23, 431, 2399
List the prime factors of 1476846841.
1476846841
List the prime factors of 680509232.
2, 13, 3271679
List the prime factors of 1898430413.
11, 359, 480737
List the prime factors of 2694252107.
113, 23842939
What are the prime factors of 101021859?
3, 11224651
What are the prime factors of 840349206?
2, 3, 23, 2029829
What are the prime factors of 136638495?
3, 5, 7, 48197
List the prime factors of 158169965.
5, 19, 23, 191, 379
List the prime factors of 903002456.
2, 157, 563, 1277
What are the prime factors of 275266198?
2, 8563, 16073
List the prime factors of 42974770.
2, 5, 19, 226183
List the prime factors of 53536251.
3, 349, 51133
What are the prime factors of 3839900340?
2, 3, 5, 593, 107923
What are the prime factors of 1067372487?
3, 118596943
What are the prime factors of 5762477870?
2, 5, 576247787
List the prime factors of 51921738.
2, 3, 11, 262231
What are the prime factors of 4404806755?
5, 880961351
What are the prime factors of 998564841?
3, 113, 109097
List the prime factors of 209687876.
2, 19, 271, 10181
List the prime factors of 1429854627.
3, 4457, 106937
List the prime factors of 1982668167.
3, 227, 970469
List the prime factors of 3845499573.
3, 1281833191
What are the prime factors of 801647930?
2, 5, 1877, 42709
List the prime factors of 5196353327.
11, 8039, 58763
List the prime factors of 29373714.
2, 3, 23, 70951
What are the prime factors of 570280445?
5, 7, 37, 440371
What are the prime factors of 13018614?
2, 3, 7, 44281
What are the prime factors of 216869886?
2, 3, 1338703
What are the prime factors of 7305833?
151, 48383
List the prime factors of 1179780637.
7, 17, 43, 230561
List the prime factors of 39577362.
2, 3, 11, 599657
List the prime factors of 48447475.
5, 227, 8537
List the prime factors of 206355193.
11, 18759563
What are the prime factors of 32878999?
32878999
What are the prime factors of 74142006?
2, 3, 37, 333973
What are the prime factors of 480113888?
2, 19, 353, 2237
What are the prime factors of 311502522?
2, 3, 51917087
What are the prime factors of 361185955?
5, 13, 427439
What are the prime factors of 1578395448?
2, 3, 7, 63913
List the prime factors of 237409577.
237409577
What are the prime factors of 774651521?
7, 67, 617, 2677
What are the prime factors of 668115204?
2, 3, 151, 368717
List the prime factors of 73195104.
2, 3, 101, 7549
List the prime factors of 71667272.
2, 8958409
What are the prime factors of 911368810?
2, 5, 11, 17, 487363
List the prime factors of 764939615.
5, 11, 1264363
List the prime factors of 4761632.
2, 17, 8753
List the prime factors of 257539133.
61, 4221953
What are the prime factors of 119390138?
2, 7, 8527867
What are the prime factors of 2431531130?
2, 5, 7, 107, 324637
List the prime factors of 4277072508.
2, 3, 577, 617717
List the prime factors of 68221662.
2, 3, 101, 112577
What are the prime factors of 17696141?
17696141
List the prime factors of 98970987.
3, 151, 218479
List the prime factors of 549860321.
337, 1631633
What are the prime factors of 141172467?
3, 151, 179, 1741
What are the prime factors of 794654255?
5, 23, 181, 38177
List the prime factors of 324283025.
5, 11, 107201
What are the prime factors of 80842717?
1733, 46649
List the prime factors of 142377077.
67, 163, 13037
List the prime factors of 308995875.
3, 5, 349, 787
List the prime factors of 2818888790.
2, 5, 101, 2790979
What are the prime factors of 3885452674?
2, 503, 3862279
List the prime factors of 3483538284.
2, 3, 3359, 86423
List the prime factors of 93993451.
93993451
What are the prime factors of 602944770?
2, 3, 5, 23, 41, 21313
What are the prime factors of 109028848?
2, 79, 86257
What are the prime factors of 365951220?
2, 3, 5, 53, 115079
What are the prime factors of 117109259?
117109259
List the prime factors of 332008488.
2, 3, 7, 41, 16067
What are the prime factors of 7130161699?
193, 36943843
List the prime factors of 9937216.
2, 155269
What are the prime factors of 18876989?
89, 113, 1877
What are the prime factors of 356568653?
7, 311, 163789
What are the prime factors of 75100033?
17, 883, 5003
List the prime factors of 82901155.
5, 127, 130553
What are the prime factors of 21968499?
3, 7, 1046119
List the prime factors of 19851227.
11, 1804657
List the prime factors of 775378041.
3, 17, 73, 12251
List the prime factors of 29729171.
947, 31393
List the prime factors of 957911694.
2, 3, 71, 73, 30803
List the prime factors of 2678265147.
3, 892755049
List the prime factors of 38598670.
2, 5, 11, 17, 20641
List the prime factors of 885031452.
2, 3, 3989, 6163
List the prime factors of 148783467.
3, 7, 7084927
What are the prime factors of 3212165000?
2, 5, 11, 58403
List the prime factors of 2162063582.
2, 7, 137, 1127249
What are the prime factors of 1165045810?
2, 5, 116504581
List the prime factors of 266559533.
266559533
List the prime factors of 22099064.
2, 13, 37, 5743
What are the prime factors of 95366020?
2, 5, 37, 128873
What are the prime factors of 4181959209?
3, 1393986403
List the prime factors of 536814752.
2, 19, 43, 20533
List the prime factors of 305231330.
2, 5, 983, 31051
List the prime factors of 44224740.
2, 3, 5, 7, 35099
List the prime factors of 2504702092.
2, 626175523
List the prime factors of 18259353.
3, 7, 109, 2659
What are the prime factors of 14875326?
2, 3, 91823
List the prime factors of 8397240.
2, 3, 5, 19, 29, 127
What are the prime factors of 280023302?
2, 13, 1249, 8623
List the prime factors of 342932953.
11, 31175723
What are the prime factors of 1603424774?
2, 7, 307, 373063
List the prime factors o